ommon divisor of 124 and 1599036?
4
Calculate the greatest common factor of 19305 and 945450.
495
Calculate the greatest common factor of 2690 and 2945063110.
2690
What is the greatest common divisor of 4710 and 2103015?
2355
Calculate the greatest common divisor of 234974 and 32419.
17
Calculate the greatest common factor of 19670 and 1137769.
281
What is the highest common factor of 3942 and 9778058?
146
What is the highest common divisor of 42688053 and 3159?
243
What is the highest common divisor of 59691 and 712353?
303
Calculate the highest common factor of 662776 and 24.
8
Calculate the highest common divisor of 5486 and 428831.
13
Calculate the greatest common factor of 2913309 and 242088.
2751
Calculate the highest common factor of 623737942 and 1658.
1658
Calculate the highest common divisor of 106821818 and 106.
106
Calculate the greatest common factor of 2305976060 and 1180.
1180
What is the highest common divisor of 577675 and 725?
25
What is the highest common factor of 5213916 and 12420?
2484
What is the highest common factor of 1274 and 51778643?
49
Calculate the highest common divisor of 70475 and 6575.
25
Calculate the highest common divisor of 2054360 and 1392.
232
Calculate the greatest common divisor of 10466197 and 9779.
889
Calculate the highest common factor of 1068466 and 4982278.
2338
Calculate the highest common divisor of 38672 and 35344.
16
Calculate the greatest common divisor of 352 and 2412784.
176
Calculate the greatest common divisor of 664260 and 16960.
20
What is the greatest common divisor of 12435390 and 5724?
2862
Calculate the highest common factor of 1176 and 2136351.
147
Calculate the highest common factor of 2094 and 150.
6
Calculate the greatest common divisor of 602 and 10612.
14
Calculate the highest common factor of 29710 and 17826.
5942
Calculate the greatest common factor of 7428 and 53903139.
1857
Calculate the greatest common divisor of 10585177 and 2911.
71
What is the greatest common divisor of 14379865 and 5?
5
What is the highest common divisor of 5709195 and 1756?
439
Calculate the greatest common divisor of 174566 and 86506.
518
What is the highest common divisor of 48894 and 102399?
87
What is the greatest common factor of 5167393 and 49?
49
Calculate the highest common factor of 10475828 and 1111.
11
What is the greatest common factor of 21912 and 2733?
3
Calculate the highest common divisor of 1462588 and 14204.
212
Calculate the highest common divisor of 187759104 and 624.
624
What is the greatest common factor of 11488 and 143107452?
1436
What is the highest common factor of 315659 and 4346?
41
Calculate the greatest common divisor of 156704 and 296144.
1328
What is the greatest common divisor of 15160885 and 10?
5
Calculate the highest common divisor of 65212332 and 228.
228
Calculate the highest common factor of 33070964 and 1058.
1058
Calculate the greatest common factor of 107250 and 9538750.
3250
Calculate the greatest common factor of 67151 and 75477.
181
Calculate the highest common factor of 92337295 and 1081.
23
What is the greatest common factor of 102382155 and 9?
9
Calculate the highest common factor of 441 and 14984592.
147
Calculate the greatest common factor of 10 and 11921645.
5
What is the highest common factor of 122565172 and 6026?
262
Calculate the highest common factor of 9589386 and 6.
6
What is the highest common divisor of 5148 and 192?
12
What is the greatest common divisor of 2414 and 30596243?
1207
Calculate the greatest common factor of 11833595 and 5.
5
What is the greatest common divisor of 17552231 and 31?
31
Calculate the highest common factor of 2763 and 120458511.
2763
Calculate the highest common divisor of 1379558952 and 1812.
1812
What is the highest common divisor of 833350020 and 1072?
268
What is the greatest common divisor of 14535 and 577847?
323
What is the highest common divisor of 4864665 and 1223391?
9633
Calculate the greatest common divisor of 7820 and 853315.
85
What is the greatest common factor of 22660 and 18260?
220
Calculate the highest common factor of 44925 and 26575.
25
Calculate the greatest common divisor of 82 and 359564506.
82
Calculate the highest common divisor of 6433 and 213542.
7
What is the greatest common divisor of 1696 and 1394854?
106
What is the highest common divisor of 14010268 and 22?
2
Calculate the highest common divisor of 111928 and 23044.
3292
What is the greatest common divisor of 186 and 692167442?
62
What is the greatest common divisor of 4276880082 and 18?
18
What is the highest common factor of 27 and 2202741?
27
Calculate the greatest common divisor of 408 and 292213.
17
What is the highest common factor of 56 and 3718983184?
56
Calculate the greatest common divisor of 2807726 and 1241.
73
What is the highest common divisor of 5284088 and 164?
4
What is the highest common factor of 441420 and 22820?
140
Calculate the greatest common factor of 4402814 and 130.
26
What is the greatest common factor of 189 and 1642491?
27
Calculate the highest common factor of 26546805 and 180.
45
Calculate the greatest common factor of 406 and 48739082.
406
Calculate the greatest common divisor of 71937 and 12501.
9
What is the greatest common factor of 343 and 19680724?
7
Calculate the greatest common divisor of 11865396 and 12.
12
Calculate the greatest common divisor of 15820 and 127940.
20
Calculate the highest common divisor of 235 and 8148719.
47
Calculate the highest common factor of 1386 and 87526593.
693
Calculate the highest common factor of 386947026 and 36.
18
What is the highest common factor of 1137164 and 20944?
476
What is the highest common divisor of 2576 and 6079889?
23
Calculate the highest common divisor of 2853657 and 27.
27
What is the highest common divisor of 2936 and 10762642?
734
What is the greatest common factor of 7566 and 214578?
78
Calculate the highest common factor of 188919 and 128817.
27
What is the greatest common divisor of 7581860 and 171820?
2420
What is the greatest common divisor of 20224 and 441452?
316
Calculate the highest common factor of 1192992 and 55298.
86
Calculate the greatest common divisor of 322591303 and 2159.
2159
Calculate the greatest common factor of 127668 and 13104.
12
Calculate the highest common divisor of 3869 and 1277938.
73
What is the greatest common factor of 107223690 and 42?
42
What is the greatest common factor of 35335 and 215155?
185
What is the highest common divisor of 273092 and 4687400?
4076
What is the highest common factor of 290037 and 13500938?
5687
Calculate the highest common factor of 11575 and 3612789.
463
What is the highest common factor of 615824685 and 35?
35
Calculate the highest common factor of 108998 and 3.
1
Calculate the highest common divisor of 10450385 and 264.
11
What is the highest common factor of 7 and 219984359?
7
Calculate the greatest common factor of 80400 and 192729520.
5360
Calculate the highest common factor of 2332161 and 84233.
643
What is the greatest common factor of 630938 and 7952?
14
Calculate the greatest common factor of 191187577 and 2807.
2807
Calculate the greatest common factor of 56261 and 14176.
443
Calculate the highest common factor of 23736806 and 883.
883
Calculate the greatest common factor of 13198710 and 7.
7
Calculate the highest common divisor of 34104 and 219324.
588
What is the greatest common divisor of 26887875 and 2415?
105
Calculate the highest common factor of 33 and 394935948.
33
What is the greatest common divisor of 1824 and 4756704?
96
What is the greatest common divisor of 30 and 15899860?
10
What is the greatest common divisor of 1869 and 452832?
267
What is the greatest common divisor of 13170 and 11511897?
1317
Calculate the highest common factor of 71724 and 15560772.
1668
Calculate the highest common divisor of 554986970 and 4220.
2110
What is the highest common divisor of 13842426 and 546?
78
Calculate the highest common divisor of 2035 and 3124000.
55
What is the greatest common factor of 22722 and 12873?
21
What is the greatest common factor of 304 and 8671248?
16
Calculate the highest common factor of 2093570 and 30.
10
What is the highest common factor of 77794908 and 24?
12
What is the greatest common divisor of 4646480 and 4338?
482
What is the highest comm